ivisor of 414672 and 16059.
159
What is the highest common divisor of 66954 and 10310?
2
What is the highest common divisor of 3954 and 568734?
6
What is the greatest common factor of 2811044 and 166?
166
Calculate the highest common factor of 1687791 and 211578.
537
Calculate the highest common factor of 656 and 36316324.
164
Calculate the highest common divisor of 493 and 16121593.
493
Calculate the highest common divisor of 16564 and 22035532.
164
What is the highest common divisor of 50000669 and 3566?
1783
What is the highest common divisor of 348 and 62014296?
348
What is the greatest common factor of 33019965 and 8118?
4059
What is the highest common divisor of 1703408 and 5456?
16
Calculate the greatest common divisor of 73505 and 36905.
305
Calculate the highest common factor of 6496 and 2334856.
8
Calculate the highest common divisor of 2477258 and 494.
38
What is the highest common divisor of 133888 and 780316?
2092
Calculate the greatest common factor of 7850295 and 258.
129
Calculate the greatest common factor of 2294900105 and 4295.
4295
What is the greatest common divisor of 3960 and 20533320?
360
What is the highest common factor of 632557232 and 1193?
1193
What is the greatest common factor of 6 and 5539179?
3
What is the highest common divisor of 2047 and 51840809?
89
Calculate the greatest common factor of 135789955 and 66415.
1795
What is the greatest common divisor of 2730546 and 2366?
182
Calculate the greatest common factor of 82134 and 249444.
3042
What is the greatest common factor of 6358 and 11118833?
187
What is the greatest common factor of 169088 and 37568?
64
Calculate the highest common factor of 66086670 and 1560.
390
What is the highest common factor of 17801 and 6349?
7
Calculate the highest common divisor of 7948 and 123126442.
3974
What is the highest common factor of 129037018 and 418?
418
Calculate the greatest common divisor of 12 and 17482320.
12
What is the highest common divisor of 27088876 and 83?
83
Calculate the greatest common divisor of 19724934 and 10590.
2118
What is the highest common factor of 35952 and 133392?
336
Calculate the greatest common divisor of 1336 and 30024.
8
What is the highest common factor of 65296 and 90608?
112
What is the greatest common factor of 11368 and 123279?
29
What is the highest common divisor of 38236 and 19740204?
3476
What is the highest common factor of 1508 and 19684678?
754
What is the greatest common divisor of 2203383 and 3822?
1911
What is the highest common divisor of 4598 and 1887061?
209
What is the highest common divisor of 99631 and 9599?
331
Calculate the greatest common divisor of 44912142 and 3924.
1962
Calculate the highest common factor of 45327352 and 784.
392
Calculate the highest common factor of 9822468 and 95.
19
Calculate the greatest common factor of 8585 and 449395.
85
What is the highest common divisor of 65199 and 348150?
633
What is the greatest common divisor of 72818510 and 470?
470
Calculate the greatest common divisor of 1076 and 66596.
4
Calculate the highest common divisor of 1236 and 1654944.
12
What is the highest common divisor of 9995608 and 50869?
301
Calculate the highest common factor of 137088 and 328.
8
What is the highest common divisor of 1480 and 251267?
37
What is the greatest common divisor of 1081474 and 111916?
1142
What is the highest common divisor of 162 and 49511817?
81
Calculate the greatest common divisor of 60051548 and 272.
68
Calculate the greatest common divisor of 4338625 and 1138.
569
Calculate the highest common divisor of 25050 and 28352425.
4175
Calculate the greatest common divisor of 84 and 733240641.
21
Calculate the highest common divisor of 46872 and 150148593.
5859
Calculate the greatest common factor of 9310 and 5421080.
1330
Calculate the highest common factor of 9719886 and 1870.
374
What is the greatest common divisor of 177328283 and 22?
11
Calculate the greatest common divisor of 9932046 and 408.
102
What is the highest common factor of 364651535 and 20?
5
What is the highest common factor of 394338 and 23493?
123
What is the highest common factor of 159 and 4205974?
53
What is the highest common factor of 2992 and 315697888?
2992
Calculate the greatest common factor of 112 and 7574392.
56
What is the highest common divisor of 471694093 and 739?
739
Calculate the highest common divisor of 2455 and 88035318.
491
Calculate the greatest common factor of 56103410 and 30.
10
Calculate the greatest common factor of 10938994 and 808907.
5357
Calculate the highest common divisor of 2231637 and 40179.
681
What is the greatest common factor of 195408 and 1902330?
414
What is the highest common factor of 496 and 44053232?
496
Calculate the highest common factor of 2564877 and 159729.
111
Calculate the highest common factor of 5586 and 8555966.
38
What is the greatest common divisor of 188976 and 114018?
186
Calculate the greatest common divisor of 50696 and 368.
8
Calculate the greatest common divisor of 3328409 and 5180.
259
Calculate the greatest common factor of 59 and 142244.
1
What is the greatest common divisor of 21066175 and 689?
689
What is the highest common factor of 202218803 and 2?
1
Calculate the greatest common divisor of 140 and 2861145.
35
Calculate the greatest common divisor of 2736 and 7780158.
342
What is the highest common divisor of 18225191 and 1324?
331
What is the highest common factor of 400206213 and 198?
99
Calculate the highest common factor of 990 and 40447.
11
What is the greatest common factor of 105239103 and 3569?
3569
Calculate the highest common divisor of 63021843 and 522.
261
What is the highest common divisor of 63072 and 284481?
657
What is the greatest common divisor of 390162911 and 13484?
3371
What is the highest common factor of 431200188 and 12?
12
What is the highest common divisor of 465 and 7083035?
155
Calculate the greatest common factor of 18996620 and 65880.
1220
Calculate the greatest common factor of 199757 and 19663.
53
Calculate the greatest common factor of 1053 and 1682658.
9
Calculate the greatest common divisor of 463096 and 30388.
428
What is the greatest common divisor of 1980 and 132633765?
495
Calculate the greatest common factor of 1830797 and 518.
37
What is the greatest common divisor of 15230 and 21670?
10
Calculate the highest common divisor of 54465816 and 42.
6
Calculate the greatest common divisor of 86336214 and 303.
303
Calculate the highest common divisor of 184 and 218194330.
46
What is the greatest common factor of 1317 and 111717159?
1317
What is the greatest common factor of 15140 and 46137636?
3028
Calculate the greatest common divisor of 5035028 and 2036.
2036
What is the greatest common divisor of 9763 and 19487?
13
Calculate the highest common factor of 20057471 and 61.
61
What is the greatest common factor of 15002 and 660710583?
7501
What is the highest common divisor of 415660 and 532?
28
Calculate the highest common factor of 253 and 123240003.
23
What is the greatest common divisor of 284 and 902197?
71
Calculate the greatest common factor of 220 and 295187585.
55
What is the greatest common factor of 102119029 and 413?
59
Calculate the highest common divisor of 15336 and 30546.
18
Calculate the greatest common factor of 11 and 12824999.
11
Calculate the highest common divisor of 324 and 1387206.
162
What is the highest common divisor of 1340 and 453336740?
1340
Calculate the highest common factor of 8 and 47807192.
8
What is the highest common divisor of 174966 and 3334476?
1446
Calculate the greatest common factor of 25 and 4278165.
5
Calculate the highest common divisor of 221 and 2641496.
13
Calculate the highest common factor of 2840299 and 11.
11
What is the highest common divisor of 20987758 and 11594?
374
What is the highest common divisor of 49 and 7743974?
7
Calculate the greatest common divisor of 10389019 and 1543.
1543
Calculate the greatest common factor of 3451513 and 1898.
949
Calculate the highest common factor of 5330 and 103116845.
2665
What is the highest common divisor of 1632 and 722313?
51
What is the highest common divisor of 182200 and 1492200?
200
Calculate the greatest common divisor of 538154 and 1614.
2
What is the greatest common factor of 300904528 and 436?
436
Calculate the